he prime factors of m?
2, 3, 13
Let k = -40 + 41. Let t(s) = 3*s**2 + 12*s**2 - 4*s**2 - k + 6*s**2 + s. What are the prime factors of t(2)?
3, 23
Suppose -186 = 4*v + 3010. Let y = v + 1407. List the prime factors of y.
2, 19
Let a = 195 - 188. Let h(q) = q**3 + q**2 + 40. What are the prime factors of h(a)?
2, 3
Let n(i) = -i**2 + 20*i + 18. Suppose m = -4*k + 4, 17 + 5 = 5*k - 3*m. Let h be -34*1/3*(-3)/k. List the prime factors of n(h).
3, 23
Let p = -9 + -3. List the prime factors of (-3 + 1197/(-15))/(p/30).
3, 23
Let q(x) = x**3 - x**2 + 5*x + 14. Let v be q(13). Suppose 5*s + 3*f - 6*f - 3523 = 0, -5*f = 3*s - v. List the prime factors of s.
2, 11
Let l = 153 + -142. Suppose l*h - 1085 = 4*h. What are the prime factors of h?
5, 31
Let w be 36/(-16)*((-15)/(-9) + -3). List the prime factors of 2*(-1 - (w/1 + -38)).
2, 17
Let r = 10606 - 4537. List the prime factors of r.
3, 7, 17
Let b = 12 + -4. Let k(l) = -l**3 + 7*l**2 + 9*l + 19. Let y be k(b). Suppose -y*u = -24*u - 375. List the prime factors of u.
5
Let v(l) = 128*l**3 - 2*l**2 - l + 2. Let f(x) = -3*x - 14. Let s be f(-9). Suppose 0 = 5*d + 8 - s. What are the prime factors of v(d)?
127
What are the prime factors of 3/(15/(-80))*(-2 - 105)?
2, 107
Suppose 5*q = 4*q - 2*y + 13076, 0 = 5*q + 4*y - 65392. Suppose 9*n = -n + q. What are the prime factors of n?
2, 3, 109
Let d(h) = -14*h + 34. Let s be d(2). Suppose 20*y + s*y - 26364 = 0. List the prime factors of y.
2, 3, 13
Let o be 6 + (-7 - -7) + 1575. Suppose x - 2186 = -2*k, o = k + 4*x + 495. List the prime factors of k.
2, 547
Suppose -303*a = -294*a - 62838. What are the prime factors of a?
2, 3491
Suppose 0*m + 1774 = 2*m. Suppose 0 = -9*l + m - 212. Suppose k - 10 = l. List the prime factors of k.
5, 17
Let v = -9479 - -9412. Let g(k) = -k**3 - 4*k**2 - 2*k - 6. Let c be g(-6). Let o = c + v. List the prime factors of o.
11
Suppose 3*k + 2*a = 109, 0*k - 3*k + 4*a + 115 = 0. Let i = k - 58. What are the prime factors of i/(-3) + -5 + (51 - 1)?
2, 13
Suppose 2*m + 8*h = 3*h + 42, -4*h - 40 = -3*m. List the prime factors of 2*(328/10)/(m/40).
2, 41
What are the prime factors of (-1)/(((-233812)/(-38968) + -6)*(2 + -4))?
4871
Suppose 3*r = -a - 0*a + 83, -2*a = -4. Let k(n) = n**2 - n + 1. Let q(u) = -u**2 + 55*u - 34. Let c(g) = -k(g) + q(g). List the prime factors of c(r).
19
List the prime factors of (52/(-91))/(18/(-171297)).
2, 2719
Let r = 1022 + -1020. Suppose 3*z = 4*d + 264 - 23, -2*z - 5*d + 176 = 0. Suppose -r*b + 107 = -z. What are the prime factors of b?
5, 19
Let o = 55 + -148. Let i = 3653 + -3535. Let b = i + o. List the prime factors of b.
5
Let f(d) = 14*d**2 - 212*d + 7216. List the prime factors of f(43).
2, 67, 179
Suppose v - 692 = -5*l, 5*l - 704 = -v + 4*v. Let x = l + -41. What are the prime factors of x?
2, 7
Let y = -352 + 318. Suppose -3*g = 3*i + 11094, 0 = g - 3*i - 2*i + 3722. List the prime factors of g/y - (-2)/17.
109
Let r(u) = 4*u**3 + 59 + 666*u**2 - 2*u**3 - 3*u**3 - 683*u**2 + 27*u. List the prime factors of r(-19).
2, 67
Let x(c) = -c**3 + 4*c**2 + 3*c + 6. Let l be x(5). Let k be (-1374)/9 + l/12. List the prime factors of ((-56)/(-21))/((-6)/k).
2, 17
Suppose 58*r - 112*r + 1347720 = -24*r. What are the prime factors of r?
2, 11, 1021
Suppose -5*f - 9*n + 11*n + 3412 = 0, 672 = f - 3*n. Let i = -309 + f. Suppose -39 - i = -2*d + 4*b, b = -d + 219. What are the prime factors of d?
5, 43
Let q = -10591 + 26629. Suppose -p - q = -12*p. What are the prime factors of p?
2, 3
Let y(i) = -2*i**2 - 8*i + 313. Let k(d) = 2*d**2 + 7*d - 312. Let s(m) = -3*k(m) - 2*y(m). List the prime factors of s(0).
2, 5, 31
Let g = 19 - -47. Let k be (-6)/(-10) + (2 - 8/(-20)). Let t = k + g. What are the prime factors of t?
3, 23
Let a(o) = 7*o - 19*o**2 + 8*o - 9*o + 7*o - 10 + 20*o**2. What are the prime factors of a(5)?
2, 5
Let v(l) = -l**3 - 22*l**2 + 130*l + 107. List the prime factors of v(-32).
23, 269
Let c(n) = -n**3 + 6*n**2 - 3*n - 7. Let g = -55 - -60. Let r be c(g). List the prime factors of (-1 - 11)/r*-24.
2, 3
List the prime factors of 76647 - (12 + 100/(-8))*10.
2, 19163
Suppose -5*w - i + 0*i + 9 = 0, -i = -4*w + 9. Suppose w*c + 22 = -3*b, 6*c - c + 27 = -4*b. Let x = 56 + b. List the prime factors of x.
2, 3
Suppose -15*y = -21*y + 12. Suppose -840 = -y*w + 530. What are the prime factors of w?
5, 137
Let s = 58494 - 32889. What are the prime factors of s?
3, 5, 569
Let f be (3372/(-8))/(((-117)/(-120))/(-13)). Suppose 7*a - 2*a = -5*c + f, -2245 = -2*c - a. List the prime factors of c.
19, 59
Let c = 21713 + -8470. What are the prime factors of c?
17, 19, 41
Suppose -27*x + 93818 = -24*x + 2*v, 3*x + v - 93811 = 0. What are the prime factors of x?
2, 7817
Let c(j) = 1694*j + 43. Let a(z) = -7. Let u(x) = 6*a(x) + c(x). What are the prime factors of u(1)?
3, 5, 113
Let m(c) = -c + 1. Let k be m(-4). Let h be 0/(3*(-3 + 4)). Suppose -k*r + r + 673 = 5*s, 5*r - 5*s - 785 = h. What are the prime factors of r?
2, 3
Let r = 32490 + -16791. List the prime factors of r.
3, 5233
Let f(w) = -5*w**3 - w. Let g(r) = -24*r**3 - 11*r**2 - 9*r + 19. Let q(u) = 5*f(u) - g(u). List the prime factors of q(-6).
569
Let v(a) = -42*a**3 - 7*a**2 - 82*a - 44. List the prime factors of v(-9).
5, 11, 13, 43
Suppose 4*o = -o + 45. Let z(j) = -34*j + 2*j**2 - o + j**2 - 4 - 5*j**2. List the prime factors of z(-14).
71
Let j be (-19 - 1)/(3*(-2)/30). Let v = 312 + j. List the prime factors of v.
2, 103
Let w be (1 + -4)/(6/18). What are the prime factors of 3/w + 1*138/9?
3, 5
Suppose -43*f + 636586 = 36*f - 8*f. List the prime factors of f.
2, 4483
Suppose 571 = -8*p + 707. List the prime factors of 10/6*3723/p.
5, 73
Suppose -71 = -28*q + 405. List the prime factors of q.
17
Let m = 2777 + 8205. What are the prime factors of m?
2, 17, 19
List the prime factors of (-102)/(-765) + 3459414/45.
2, 19219
Suppose 4*i - 8*f = 33516, 277 = -i - 2*f + 8668. List the prime factors of i.
3, 5, 13, 43
Let c be 183536/46 - 10/(-115). Suppose -6*g + c = 228. What are the prime factors of g?
3, 11, 19
Let j = -286 + 286. Suppose j = 3*z - 12, 0*g + z + 3580 = 4*g. What are the prime factors of g?
2, 7
Let l = 36 + -22. List the prime factors of ((-4)/14)/((-8)/l)*332.
2, 83
Suppose -3213806 - 1267080 = -146*z. What are the prime factors of z?
47, 653
Suppose 3*o - 5*b = 168232, 11*b = -o + 7*b + 56117. List the prime factors of o.
11, 5099
Let t = 11030 - 5336. List the prime factors of t.
2, 3, 13, 73
Suppose -2*w + 26870 = 83*p - 81*p, -5*w + 3*p = -67167. What are the prime factors of w?
2, 3, 2239
Suppose -171*v = 108*v - 43*v - 8398060. What are the prime factors of v?
5, 11, 647
Suppose 5*y - 8*y + 29 = 5*r, 0 = -y - 5*r + 23. Suppose 330 - 122 = y*g - 2*h, 345 = 5*g - 5*h. What are the prime factors of g?
2, 5, 7
Suppose 2*v - 4 = 0, -10*v - 2261 = -s - 13*v. List the prime factors of s.
5, 11, 41
Suppose 13*f - 10*f + 65556 = -z, 109260 = -5*f + 4*z. List the prime factors of 20/8*(-2 - f/30).
2, 227
Let h(z) = z**3 + z**2 - 4*z + 4. Let q be h(3). Let d be 28/(-6)*q/(-8)*21. Suppose -1 = -5*i + 6*i, -3*w = -4*i - d. List the prime factors of w.
113
List the prime factors of 11/((-66)/(-24)) - 3/((-21)/139391).
3, 2213
Let j(p) = -3*p**3 - 7*p**2 + 71*p - 38. What are the prime factors of j(-19)?
19, 877
Let a(m) = 254*m + 718. Let k(x) = 169*x + 480. Let b(d) = -5*a(d) + 7*k(d). List the prime factors of b(-16).
2, 7, 83
Suppose 9*r + 16 = 34. Suppose r*m = -u + 845, 5*u - 4247 = -3*m + 4*m. What are the prime factors of u?
3, 283
Let p = -21271 - -47723. List the prime factors of p.
2, 17, 389
Let b(j) = -j - 71. Let q(z) = -z - 73. Let a(m) = 2*b(m) - 3*q(m). What are the prime factors of a(-34)?
43
Let i be (-10)/2*(-3)/5. Suppose i*n + 28 + 23 = 0. Let k(f) = 2*f**2 + 31*f - 16. List the prime factors of k(n).
5, 7
List the prime factors of 1780*(49/14 + -1).
2, 5, 89
Let i(q) be the second derivative of q**5/20 + 7*q**4/6 - 7*q**3/3 + 15*q**2/2 - 5*q. Let d be i(-15). Suppose d*o - 48 = -3*o. What are the prime factors of o?
2
Let o(u) = 17*u**2 + 356*u + 75. What are the prime factors of o(-31)?
2, 3, 7
Let p(w) = w**3 - 52*w**2 + 14*w + 256. What are the prime factors of p(56)?
2, 3, 283
Let p(a) = 9732